-3*u. Let v(d) = 10*d**2 - 11 - 2*d + 0*d - d**3 + 3 - 3*d**o. Calculate v(6).
16
Let d(w) be the first derivative of -8*w**3/3 + w**2/2 + 10*w + 1147. Give d(4).
-114
Let o = 189 + -73. Suppose 4*n + 3*q - 458 = q, n = -2*q + 119. Let k(h) = -h + 2*h + n - o. Determine k(2).
-1
Suppose -3*r - 4*q + q = 0, -9*r = -3*q. Let f(z) = z**3 + z - 65. Determine f(r).
-65
Let r(b) = -547*b - 140. Let d(h) = -643*h - 141. Let l(g) = 5*d(g) - 6*r(g). Give l(-2).
1
Let t(j) = -j + 2. Let i(o) = -o**3 + 6*o - 12*o + 2*o + 26 - 12*o**2 + 3*o**2. Let n be i(-8). Determine t(n).
8
Let q(o) = -9*o + 25*o - 15*o - 7*o - 10. Determine q(-14).
74
Let m(u) = 9*u - 83. Let d = -1238 - -1247. What is m(d)?
-2
Suppose -226*v + 42 = -247*v. Let o(g) = 3*g + 4*g - 8*g + 21. Let i(q) = 4. Let j(l) = -11*i(l) + 2*o(l). Determine j(v).
2
Let x(c) = c**2 - 7*c - 14. Let j(u) = -6*u**2 - 90*u - 294. Let h be j(-10). Give x(h).
-20
Let m(y) = -8*y + y - 4*y**2 + 3*y**2 + 1. Let l be 0*(-6)/(-12) - -114. Suppose 0 = 15*h + 4*h + l. Determine m(h).
7
Let v(a) = a - 2. Let t(n) = 2*n**2 - 5*n + 13. Let d(f) = f**2 + 2*f - 20. Let j be d(3). Let c(h) = j*v(h) - t(h). Let g = 2 + 1. Calculate c(g).
-21
Let d(h) be the second derivative of 3*h**5/20 + 7*h**4/12 - 5*h**3/2 + 5*h**2/2 + h - 1904. Calculate d(2).
27
Let o(g) = 4*g - 156. Let n be o(42). Let m(f) = -230*f**2 + 456*f**2 - 227*f**2 - n*f - 6. What is m(-11)?
5
Let h(s) = -s**3 + 4*s**2 + 4*s - 2. Suppose -3*m = -20*m + 272. Suppose -m*o + 4*o = -60. What is h(o)?
-7
Let r(d) = 18*d**2 - d. Let b = 16110 - 16109. Calculate r(b).
17
Let m(v) be the first derivative of -v**4/4 + 5*v**3/3 - 3*v**2 + 6*v - 30645. Let p be 20/(-8)*4/(-2). What is m(p)?
-24
Let r(y) be the third derivative of -7*y**4/6 + 37*y**3/3 - 4*y**2 - 211*y. Calculate r(3).
-10
Let m(b) be the first derivative of 9*b**2 + 82*b + 1211. Calculate m(-7).
-44
Suppose -2*z = -l + 14, 0*l - z = -3*l + 22. Let o(a) = l*a - 3*a + 6 - 7 - 4*a. Suppose -2*b + 4 = -g, 0 = b + 2*b - 12. Determine o(g).
-5
Suppose -2 - 12 = r + 3*y, 3*r - 4*y + 16 = 0. Let o(c) = 16*c**3 + 13*c**2 - c + 11. Let s(a) = -3*a**3 - a**2 - 4. Let v(l) = o(l) + 5*s(l). Determine v(r).
-1
Let y(g) be the third derivative of -g**5/60 + g**4/2 + 8*g**3/3 + g**2. Let l(v) = -80*v**2 + 2796*v + 153. Let x be l(35). Give y(x).
3
Let v(l) = 2*l**3 + 3*l**2 + 2*l - 2. Let d = -914 - -914. Suppose -2 = -2*u + 2. Suppose -3*p - 8 = -u*m, -2*m + 0*m - p - 8 = d. Calculate v(m).
-10
Suppose q - 27 + 19 = 0. Suppose q = 7*w - 5*w. Let u be w/(2 - (-3 - -3)). Let y(k) = k + 1. Calculate y(u).
3
Let p(d) = d. Let r(a) = 2*a + 1. Let f(w) = 3*w**2 - 6*w - 2. Let b(h) = -2*f(h) - 7*r(h). Let q(y) = b(y) + 4*p(y). What is q(2)?
-23
Let i(m) = 5*m**3 - 29*m**2 - 20*m - 1. Let f(n) = n**3 - 7*n**2 - 5*n. Let h(z) = -9*f(z) + 2*i(z). Suppose -9361 + 9306 = 11*w. Determine h(w).
-27
Let i(u) = -36*u**2 + 86*u - 32. Let r(c) = -7*c**2 + 17*c - 6. Let n(z) = 3*i(z) - 16*r(z). Let m be n(4). Let s(p) = -1 - 3 + 8 - p. What is s(m)?
-4
Let u(x) = -36*x - 10. Let n be -3*(-6 - (-25)/5) - 6. What is u(n)?
98
Let n(d) = d**2 + 8*d + 6. Let m be n(-6). Let g(l) = -6*l**3 + 4*l**2 - 17*l. Let q(b) = 7*b**3 - 6*b**2 + 20*b - 1. Let s(i) = -6*g(i) - 5*q(i). Give s(m).
-7
Suppose 2*n + 6 = 5*x, 5 = 2*x - 5*n - 10. Let q be (-3 + -7)*231/(-330). Let s(c) = 3*c**3 + 513*c - 4*c**3 - 4 + 3 - 514*c + q. Give s(x).
6
Let u(v) be the second derivative of -31*v**3/6 + 95*v**2/2 - 45*v + 1. What is u(3)?
2
Let z(g) = g**2 - 7*g - 1. Suppose -6*b + 13 = -w - 4*b, 0 = 4*w - 2*b + 10. What is z(w)?
-7
Let d(r) = -2*r**3 - 4*r**2 - 3*r. Let b be d(-2). Let c be (1*b/18)/((-1)/(-3)). Let f(k) = 3*k**2 - 1. What is f(c)?
2
Let k(z) = z**3 - 3*z**2 + 9*z + 23. Let x(f) = 3*f**3 - 10*f**2 + 24*f + 69. Let t(h) = 11*k(h) - 4*x(h). Give t(7).
-2
Suppose 0 = -2*t - d + 10, 673*t = 668*t - 3*d + 25. Let k(x) = -x**2 + 24*x - 81. Give k(t).
14
Let z(c) = -c**2 + 6*c + 2. Let i be -2 + (10/(-40))/((-4)/112). Determine z(i).
7
Suppose 14*f - 4*f + 204 = -41*f. Let p(a) = -a**3 - a**2 + 10*a - 13. What is p(f)?
-5
Let f(p) be the second derivative of -1/20*p**5 + 0 - 11/12*p**4 + 181*p - 7/2*p**2 + 2*p**3. Give f(-12).
-7
Let r(m) = m**3 + 12*m**2 - 11*m + 27. Let x be r(-13). Let s(b) = -b**3 + 3*b**2 + 4*b - 1. Let p(l) = l**2 + l - 1. Let g(i) = x*s(i) + p(i). What is g(5)?
-2
Let o = -787 - -789. Let f(a) = -7*a**2 + 2*a**3 + 53*a + 6*a**o - 4 - 51*a. What is f(3)?
47
Let v(h) be the third derivative of -h**5/60 - h**4/8 + h**3/3 + h**2 + 19*h. Let k = 1204 - 1212. Determine v(k).
-38
Suppose 6*h = 2*h + 380. Let d(b) = b**3 + 3*b**3 - h - 2*b**2 + 96 - 3*b**3. Determine d(3).
10
Let r(p) = 8*p + p - 2*p + 25 - 25*p. Determine r(4).
-47
Let x = 254 - 260. Suppose 6*o = 2*o - d + 41, -1 = -d. Let f(u) = -o*u + 26*u - 2 + 10 - 14*u. Give f(x).
-4
Let n(p) be the third derivative of 0*p + 1/3*p**3 + 0 + 1/60*p**5 - 1/24*p**4 + p**2. Suppose 0 = 71*c - 176 + 34. Determine n(c).
4
Let j = -677 + 679. Let z(l) = -4*l - 6. Let v(f) = 6*f + 11. Let x(y) = -4*v(y) - 7*z(y). Calculate x(j).
6
Let a be (-4)/(-6 - 1 - -6). Let i(l) = -3*l - 10. Let p(y) = -6*y - y + 11*y + 11. Let t(s) = a*p(s) + 5*i(s). Give t(3).
-3
Let t(d) = d**2 + 5*d. Let u(m) = m**2 - 11*m + 23. Let l be u(-8). Suppose 5*z + l = 595. Let i = z - 89. Calculate t(i).
0
Let j = 184 + -175. Let w(v) = 3*v + 30 - 14 - j - 7. Suppose -3*c + 4*u = 7, -2*c + 2 = -0*c + 4*u. Determine w(c).
-3
Let q(l) = -4*l**2 + 3*l - 3. Let i be 3 - 0 - (4/(-1) - 5). Suppose -10 = -11*f + i. Determine q(f).
-13
Let h = -9 - -17. Suppose 2*x = -2*y + 8, 3*y - h*y + 4*x = -11. Let r(v) = -8*v + 9*v - 3*v - y. What is r(4)?
-11
Let c(o) = -o + 15. Suppose -h = v - 121 + 37, 3*h - 5*v - 276 = 0. Suppose -71*i = -h*i. Calculate c(i).
15
Let u(p) be the second derivative of p**4/3 + 3*p**3 - 13*p**2/2 + 2*p + 37. Let m be u(-5). Let r(n) = -n**2 - n + 2. Calculate r(m).
-4
Let a(h) = -9*h - h**2 + 30*h - 4626 + 4628. Let p be a(21). Let f(l) = 1 + 5*l + 4*l + l**3 - p - 3 - 10*l**2. What is f(9)?
-4
Let s(p) = p**2 + p + 3. Suppose -q + 4*t + 20 = 0, -t = -q + 2*t + 16. Let d be (q - 1) + (-7)/(-14)*76. Let v = d - 45. What is s(v)?
15
Let m(w) = w**3 + 5*w**2 + w - 5. Let q be ((-12)/(-54) + (-96)/(-54))*-2. Let r be m(q). Let o(n) = -n**3 + 9*n**2 - 8*n - 9. What is o(r)?
33
Let d(l) = 10*l + 221. Let z be 4/(-6) - (-19 - (-744)/18). Give d(z).
-9
Let c be 15/(-5) + (-18)/(-3). Let n(g) = 2 - 33*g + 34*g + 0. Calculate n(c).
5
Let i(k) be the second derivative of k**3/3 + k**2/2 - 2*k + 15. Calculate i(1).
3
Let p(u) = u**3 - u**2 - 6*u + 1. Let z = -2788 - -2792. Give p(z).
25
Let z(x) = x**2 - 10*x + 10. Let k be (-36)/(-12) - (8 + -1 + -2). Let q be k*(44/(-10) + 24/60). Calculate z(q).
-6
Suppose 0 = -15*v + 62 + 163. Suppose -o + 2*o - 32 = 0. Let t(q) = v + 26 + 2*q - o. Calculate t(-9).
-9
Let g(v) = 4*v + 7. Let y(b) = -21*b - 41. Let r(n) = -6*g(n) - y(n). What is r(-7)?
20
Let g(r) be the first derivative of 35*r**4/4 + r**3/3 - r**2 + 2185. Give g(1).
34
Let p be 4/(-8)*(20 + 8). Let o(z) = -z**3 - 13*z**2 + 7*z - 16. Give o(p).
82
Let l(p) = -p**2 + 5*p - 22. Suppose -4*x = 69 - 93. What is l(x)?
-28
Let c(d) = 3*d + 3. Let l(a) = a**2 - a + 4. Let z be l(2). Suppose 2*s = 5*r + z, -r + s = -0*r + 3. Suppose 5*v + 2*j + 3 + 5 = r, -j = 2*v + 3. Give c(v).
-3
Let g = -43 - -47. Let m = 25 - 23. Suppose m*q - 4 = -4*i, g*i = -5*q + 2*i + 26. Let y(v) = v**2 - 5*v - 2. Calculate y(q).
4
Let s = -73 + 72. Let u(a) = -a. Let r(x) = -x**2 + 3*x - 2. Let b(p) = s*r(p) - 4*u(p). Suppose -3*d = -2*h + 10, -5*d - 2*h + 3*h = 5. Give b(d).
2
Let y(p) = -50*p - 43*p - 56*p - 5*p + 992 + 43*p. Give y(9).
-7
Let q(k) = -3*k - 724. Let o(s) = -52. Let h(b) = 15*o(b) - q(b). Calculate h(-7).
-77
Let b(q) = q**3 + 4*q**2 - 10*q - 4. Suppose 5*t + 52 = -11*m, 5*t - 10*m + 20 = -5*m. Determine b(t).
-16
Suppose 2*c = -17*c + 38. Let h(k) = -5 + 106*k - 117*k + 6*k**2 - 5*k**c. Determine h(11).
-5
Suppose -5*b = -5*y - 0*b, b - 3 = 2*y. Let t(p) = -3 - 22645*p + 22640*p + 0 - 2*p**2. What is t(y)?
-6
Suppose j = 3*a - 10, -3*a - a = -5*j + 5. Let w(m) = a*m + 3 + 0*m - 3*m + m - 2*m. Let h = 6 - 12. Determin